
What is the remainder when 2800 is divided by 104?
96
What is the remainder when 545 is divided by 22?
17
Calculate the remainder when 1516 is divided by 35.
11
Calculate the remainder when 698 is divided by 335.
28
What is the remainder when 373 is divided by 5?
3
Calculate the remainder when 894 is divided by 98.
12
What is the remainder when 646 is divided by 109?
101
What is the remainder when 592 is divided by 54?
52
What is the remainder when 5826 is divided by 87?
84
Calculate the remainder when 566 is divided by 62.
8
Calculate the remainder when 3196 is divided by 397.
20
Calculate the remainder when 528 is divided by 32.
16
Calculate the remainder when 51154 is divided by 261.
259
Calculate the remainder when 155 is divided by 47.
14
Calculate the remainder when 587 is divided by 49.
48
What is the remainder when 140 is divided by 13?
10
Calculate the remainder when 472 is divided by 79.
77
Calculate the remainder when 294 is divided by 291.
3
What is the remainder when 306 is divided by 79?
69
Calculate the remainder when 886 is divided by 17.
2
Calculate the remainder when 515 is divided by 34.
5
What is the remainder when 22892 is divided by 19?
16
Calculate the remainder when 7 is divided by 1.
0
Calculate the remainder when 734 is divided by 35.
34
What is the remainder when 170 is divided by 43?
41
Calculate the remainder when 1541 is divided by 306.
11
What is the remainder when 733 is divided by 49?
47
Calculate the remainder when 555 is divided by 40.
35
Calculate the remainder when 297 is divided by 10.
7
What is the remainder when 152 is divided by 28?
12
Calculate the remainder when 152 is divided by 42.
26
Calculate the remainder when 1858 is divided by 10.
8
Calculate the remainder when 2306 is divided by 75.
56
What is the remainder when 152 is divided by 141?
11
Calculate the remainder when 97 is divided by 30.
7
Calculate the remainder when 577 is divided by 49.
38
Calculate the remainder when 1978 is divided by 7.
4
Calculate the remainder when 1184 is divided by 11.
7
What is the remainder when 103 is divided by 8?
7
Calculate the remainder when 14244 is divided by 34.
32
Calculate the remainder when 345 is divided by 17.
5
What is the remainder when 124 is divided by 22?
14
What is the remainder when 361 is divided by 61?
56
What is the remainder when 2967 is divided by 27?
24
Calculate the remainder when 205 is divided by 69.
67
What is the remainder when 3895 is divided by 150?
145
What is the remainder when 3886 is divided by 48?
46
Calculate the remainder when 562 is divided by 12.
10
What is the remainder when 800 is divided by 164?
144
What is the remainder when 455 is divided by 73?
17
Calculate the remainder when 19 is divided by 18.
1
Calculate the remainder when 1445 is divided by 1416.
29
What is the remainder when 58 is divided by 28?
2
Calculate the remainder when 337 is divided by 54.
13
Calculate the remainder when 654 is divided by 73.
70
Calculate the remainder when 52 is divided by 9.
7
What is the remainder when 701 is divided by 101?
95
What is the remainder when 142 is divided by 4?
2
What is the remainder when 1241 is divided by 27?
26
Calculate the remainder when 68 is divided by 8.
4
What is the remainder when 138 is divided by 7?
5
What is the remainder when 81 is divided by 30?
21
Calculate the remainder when 4208 is divided by 61.
60
What is the remainder when 284 is divided by 72?
68
Calculate the remainder when 2060 is divided by 43.
39
What is the remainder when 786 is divided by 94?
34
Calculate the remainder when 3155 is divided by 117.
113
What is the remainder when 207 is divided by 21?
18
What is the remainder when 295 is divided by 280?
15
Calculate the remainder when 648 is divided by 11.
10
Calculate the remainder when 140 is divided by 16.
12
Calculate the remainder when 455 is divided by 12.
11
What is the remainder when 202 is divided by 82?
38
What is the remainder when 2153 is divided by 4?
1
Calculate the remainder when 2174 is divided by 33.
29
What is the remainder when 252 is divided by 100?
52
What is the remainder when 386 is divided by 96?
2
Calculate the remainder when 167 is divided by 5.
2
Calculate the remainder when 835 is divided by 38.
37
Calculate the remainder when 161 is divided by 24.
17
Calculate the remainder when 1465 is divided by 1463.
2
Calculate the remainder when 1263 is divided by 318.
309
What is the remainder when 472 is divided by 28?
24
What is the remainder when 217 is divided by 176?
41
Calculate the remainder when 255 is divided by 66.
57
Calculate the remainder when 259 is divided by 92.
75
Calculate the remainder when 53 is divided by 17.
2
What is the remainder when 576 is divided by 17?
15
Calculate the remainder when 5434 is divided by 37.
32
What is the remainder when 631 is divided by 129?
115
Calculate the remainder when 497 is divided by 492.
5
What is the remainder when 63 is divided by 18?
9
What is the remainder when 184 is divided by 173?
11
Calculate the remainder when 115 is divided by 9.
7
Calculate the remainder when 1908 is divided by 30.
18
Calculate the remainder when 3864 is divided by 79.
72
Calculate the remainder when 3365 is divided by 14.
5
What is the remainder when 3776 is divided by 17?
2
What is the remainder when 2948 is divided by 50?
48
What is the remainder when 45 is divided by 5?
0
Calculate the remainder when 344 is divided by 12.
8
Calculate the remainder when 84 is divided by 83.
1
What is the remainder when 565 is divided by 9?
7
Calculate the remainder when 303 is divided by 141.
21
Calculate the remainder when 7059 is divided by 66.
63
Calculate the remainder when 203 is divided by 103.
100
What is the remainder when 857 is divided by 51?
41
What is the remainder when 144 is divided by 52?
40
Calculate the remainder when 193 is divided by 74.
45
What is the remainder when 1857 is divided by 15?
12
Calculate the remainder when 728 is divided by 187.
167
Calculate the remainder when 255 is divided by 37.
33
Calculate the remainder when 31 is divided by 18.
13
What is the remainder when 12317 is divided by 176?
173
What is the remainder when 421 is divided by 106?
103
What is the remainder when 76 is divided by 70?
6
Calculate the remainder when 275 is divided by 9.
5
Calculate the remainder when 273 is divided by 118.
37
Calculate the remainder when 1265 is divided by 41.
35
What is the remainder when 411 is divided by 46?
43
What is the remainder when 344 is divided by 5?
4
What is the remainder when 16828 is divided by 255?
253
What is the remainder when 85 is divided by 47?
38
What is the remainder when 869 is divided by 123?
8
What is the remainder when 336 is divided by 325?
11
Calculate the remainder when 423 is divided by 61.
57
Calculate the remainder when 5330 is divided by 124.
122
What is the remainder when 66 is divided by 10?
6
What is the remainder when 376 is divided by 18?
16
Calculate the remainder when 16214 is divided by 115.
114
What is the remainder when 248 is divided by 199?
49
Calculate the remainder when 928 is divided by 31.
29
What is the remainder when 239 is divided by 60?
59
What is the remainder when 40 is divided by 11?
7
What is the remainder when 644 is divided by 25?
19
Calculate the remainder when 318 is divided by 99.
21
Calculate the remainder when 9406 is divided by 16.
14
Calculate the remainder when 117 is divided by 1.
0
Calculate the remainder when 489 is divided by 49.
48
Calculate the remainder when 2155 is divided by 45.
40
What is the remainder when 281 is divided by 43?
23
Calculate the remainder when 361 is divided by 258.
103
What is the remainder when 191 is divided by 28?
23
Calculate the remainder when 15850 is divided by 12.
10
What is the remainder when 83 is divided by 37?
9
Calculate the remainder when 229 is divided by 40.
29
What is the remainder when 139 is divided by 59?
21
What is the remainder when 49 is divided by 31?
18
Calculate the remainder when 9 is divided by 4.
1
Calculate the remainder when 10650 is divided by 333.
327
What is the remainder when 279 is divided by 34?
7
Calculate the remainder when 526 is divided by 11.
9
What is the remainder when 6045 is divided by 54?
51
What is the remainder when 118 is divided by 40?
3